 (base 12) to base 8.
-42
Convert -22 (base 6) to base 8.
-16
-10 (base 6) to base 7
-6
What is 11 (base 2) in base 8?
3
-f (base 16) to base 8
-17
-56 (base 7) to base 10
-41
What is 20 (base 12) in base 13?
1b
What is -1 (base 13) in base 12?
-1
1 (base 4) to base 8
1
What is -1 (base 14) in base 10?
-1
What is 2c (base 14) in base 11?
37
110000 (base 2) to base 8
60
Convert -1 (base 7) to base 9.
-1
Convert -26 (base 10) to base 14.
-1c
What is -7 (base 11) in base 15?
-7
What is 10 (base 8) in base 9?
8
What is -18 (base 10) in base 15?
-13
Convert 1d (base 14) to base 15.
1c
-4 (base 5) to base 4
-10
Convert -1 (base 14) to base 16.
-1
Convert -55 (base 10) to base 12.
-47
What is 101 (base 8) in base 2?
1000001
What is -20 (base 5) in base 15?
-a
64 (base 8) to base 3
1221
Convert -2001 (base 4) to base 3.
-11210
Convert 10 (base 10) to base 15.
a
What is 3 (base 9) in base 8?
3
Convert 3 (base 15) to base 9.
3
11 (base 2) to base 3
10
2 (base 5) to base 2
10
111000 (base 2) to base 5
211
-3 (base 13) to base 2
-11
Convert 0 (base 13) to base 8.
0
Convert -12 (base 4) to base 6.
-10
What is -9 (base 15) in base 10?
-9
What is -3 (base 9) in base 4?
-3
Convert -34 (base 5) to base 12.
-17
What is 3 (base 11) in base 3?
10
What is 225 (base 7) in base 12?
99
Convert 154 (base 13) to base 2.
11101110
What is 5 (base 6) in base 11?
5
-3 (base 10) to base 8
-3
Convert 6 (base 15) to base 13.
6
What is 4 (base 14) in base 3?
11
What is 3 (base 16) in base 2?
11
Convert 0 (base 2) to base 16.
0
Convert -113 (base 4) to base 7.
-32
What is 1111 (base 2) in base 12?
13
10 (base 4) to base 6
4
2201 (base 4) to base 3
12222
Convert -6 (base 10) to base 5.
-11
-2 (base 14) to base 16
-2
Convert 3 (base 13) to base 15.
3
What is 235 (base 6) in base 16?
5f
-8 (base 13) to base 6
-12
What is -3 (base 10) in base 11?
-3
-11 (base 12) to base 11
-12
-9 (base 10) to base 4
-21
-16 (base 15) to base 9
-23
What is -41 (base 15) in base 4?
-331
What is 21 (base 6) in base 10?
13
90 (base 13) to base 4
1311
Convert 16 (base 16) to base 6.
34
Convert 7 (base 16) to base 14.
7
What is 3 (base 9) in base 3?
10
Convert 11 (base 7) to base 8.
10
Convert 8 (base 12) to base 9.
8
Convert -3 (base 10) to base 11.
-3
-51 (base 8) to base 3
-1112
33 (base 12) to base 11
36
Convert -10 (base 3) to base 4.
-3
-11011 (base 2) to base 9
-30
Convert -7 (base 12) to base 3.
-21
What is 6e (base 15) in base 8?
150
What is 15 (base 9) in base 11?
13
27 (base 10) to base 14
1d
-4 (base 15) to base 10
-4
-221 (base 4) to base 10
-41
Convert -22 (base 5) to base 4.
-30
-a1 (base 15) to base 9
-177
What is -2 (base 5) in base 9?
-2
Convert -1040 (base 5) to base 9.
-171
431 (base 5) to base 14
84
What is 1323 (base 5) in base 11?
184
1b (base 13) to base 4
120
What is -10d (base 15) in base 11?
-1a7
Convert -10 (base 2) to base 12.
-2
What is 0 (base 3) in base 10?
0
-24 (base 16) to base 6
-100
-65 (base 10) to base 3
-2102
What is -5 (base 8) in base 13?
-5
What is -3 (base 7) in base 3?
-10
-14 (base 7) to base 14
-b
-3 (base 4) to base 11
-3
Convert 101 (base 3) to base 7.
13
What is 11100 (base 3) in base 15?
7c
What is -1100 (base 3) in base 14?
-28
Convert 11 (base 7) to base 12.
8
14 (base 7) to base 10
11
What is 1011 (base 4) in base 10?
69
Convert -22 (base 8) to base 10.
-18
Convert 1 (base 9) to base 13.
1
-8 (base 14) to base 7
-11
Convert 3 (base 8) to base 11.
3
What is -3 (base 11) in base 3?
-10
Convert 7 (base 15) to base 8.
7
-26 (base 12) to base 10
-30
Convert 14 (base 5) to base 14.
9
Convert 1243 (base 6) to base 2.
100111011
What is 15 (base 14) in base 9?
21
Convert 0 (base 13) to base 2.
0
-42 (base 12) to base 8
-62
Convert -1 (base 16) to base 5.
-1
Convert -5 (base 16) to base 4.
-11
10 (base 9) to base 15
9
What is -7 (base 11) in base 10?
-7
Convert -1 (base 12) to base 13.
-1
What is -2 (base 14) in base 13?
-2
-144 (base 6) to base 9
-71
What is 229 (base 10) in base 15?
104
What is 1 (base 13) in base 16?
1
Convert 0 (base 6) to base 2.
0
Convert 1 (base 14) to base 15.
1
Convert 1 (base 9) to base 6.
1
Convert 0 (base 2) to base 4.
0
Convert 11 (base 3) to base 7.
4
What is -13 (base 5) in base 15?
-8
What is -3 (base 5) in base 12?
-3
205 (base 7) to base 9
124
-10 (base 4) to base 7
-4
What is -7 (base 16) in base 9?
-7
Convert -a (base 12) to base 5.
-20
Convert -239 (base 12) to base 14.
-19b
What is -7 (base 12) in base 13?
-7
What is 43 (base 15) in base 10?
63
What is -4 (base 16) in base 10?
-4
What is 116 (base 8) in base 3?
2220
What is 16 (base 14) in base 4?
110
What is 20 (base 4) in base 13?
8
What is -3 (base 13) in base 5?
-3
Convert 115 (base 6) to base 9.
52
What is -5 (base 13) in base 3?
-12
What is 1120 (base 4) in base 14?
64
Convert -2 (base 8) to base 7.
-2
Convert 2a (base 13) to base 9.
40
What is 5 (base 11) in base 12?
5
Convert 3 (base 4) to base 11.
3
Convert 101 (base 2) to base 13.
5
-130 (base 6) to base 4
-312
What is -3 (base 8) in base 11?
-3
What is 93 (base 10) in base 2?
1011101
0 (base 12) to base 15
0
Convert 66 (base 9) to base 13.
48
c6 (base 13) to base 2
10100010
What is -8 (base 13) in base 3?
-22
Convert 1 (base 7) to base 13.
1
-1 (base 9) to base 5
-1
Convert b (base 12) to base 9.
12
What is -11 (base 2) in base 11?
-3
What is 10 (base 2) in base 8?
2
-10 (base 4) to base 3
-11
-95 (base 14) to base 8
-203
Convert -28 (base 12) to base 13.
-26
-b (base 15) to base 3
-102
What is 1012 (base 3) in base 16?
20
-21 (base 4) to base 7
-12
-100 (base 3) to base 11
-9
What is -11 (base 9) in base 11?
-a
b (base 16) to base 14
b
What is -56 (base 11) in base 16?
-3d
What is 2 (base 13) in base 3?
2
Convert 2 (base 3) to base 16.
2
0 (base 4) to base 2
0
-5 (base 9) to base 4
-11
-10 (base 8) to base 12
-8
What is 10 (base 4) in base 14?
4
What is -10 (base 4) in base 13?
-4
Convert -111 (base 2) to base 8.
-7
-120 (base 6) to base 13
-39
What is -7 (base 13) in base 16?
-7
Convert 18 (base 14) to base 5.
42
52 (base 14) to base 4
1020
Convert 333 (base 4) to base 11.
58
What is 3 (base 9) in base 3?
10
What is -129 (base 10) in base 11?
-108
10100 (base 3) to base 7
156
Convert 30 (base 6) to base 4.
102
Convert -1 (base 3) to base 12.
-1
-1122 (base 3) to base 5
-134
220 (base 6) to base 8
124
What is 44 (base 5) in base 2?
11000
Convert -223 (base 5) to base 8.
-77
Convert -43 (base 11) to base 14.
-35
Convert -36 (base 12) to base 11.
-39
What is 3 (base 8) in base 7?
3
What is 1 (base 13) in base 4?
1
Convert 18 (base 13) to base 16.
15
-5 (base 11) to base 9
-5
-5 (base 15) to base 7
-5
What is -4 (base 5) in base 16?
-4
What is -30 (base 4) in base 10?
-12
Convert -90 (base 11) to base 13.
-78
Convert 50 (base 7) to base 5.
120
What is -314 (base 10) in base 5?
-2224
-11 (base 6) to base 2
-111
-3 (base 9) to base 4
-3
5a (base 14) to base 4
1100
Convert -412 (base 5) to base 6.
-255
Convert 22 (base 3) to base 10.
8
-337 (base 8) to base 16
-df
-12 (base 5) to base 16
-7
Convert 4 (base 12) to base 10.
4
What is 6 (base 15) in base 9?
6
What is 26 (base 7) in base 6?
32
What is -1 (base 8) in base 4?
-1
Convert -1212 (base 4) to base 5.
-402
Convert -5 (base 6) to base 2.
-101
1 (base 12) to base 11
1
1a (base 14) to base 2
11000
220 (base 3) to base 12
20
-2 (base 5) to base 6
-2
305 (base 8) to base 9
238
What is -1a (base 13) in base 7?
-32
19 (base 13) to base 8
26
Convert -169 (base 11) to base 12.
-144
Convert -22 (base 13) to base 12.
-24
71 (base 10) to base 3
2122
Convert -10 (base 12) to base 5.
-22
Convert 10 (base 8) to base 16.
8
Convert -101111 (base 2) to base 12.
-3b
Convert -1 (base 6) to base 14.
-1
Convert -26 (base 16) to base 13.
-2c
Convert 23 (base 12) to base 8.
33
-36 (base 7) to base 5
-102
What is 12 (base 11) in base 5?
23
What is -4 (base 12) in base 3?
-11
Convert -10 (base 6) to base 11.
-6
Convert 1010010 (base 2) to base 10.
82
Convert 112 (base 10) to base 13.
88
What is 21 (base 4) in base 14?
9
What is -243 (base 5) in base 3?
-2201
-7 (base 14) to base 7
-10
11 (base 5) to base 9
6
-18 (base 14) to base 2
-10110
What is 100 (base 5) in base 12?
21
What is 12 (base 16) in base 15?
13
-281 (base 10) to base 15
-13b
Convert 4 (base 16) to base 9.
4
Convert -